-440
Let z(g) = 3*g**2 + 413*g + 5140. Determine z(-14).
-54
Let g(x) = -2*x**2 - 283*x - 5. Give g(7).
-2084
Let p(z) = -3*z**2 + 134*z - 705. Calculate p(13).
530
Let g(w) = w**3 - 44*w**2 - 282*w - 370. Give g(-4).
-10
Let b(a) = a**3 + 12*a**2 + 6317*a + 43945. Calculate b(-7).
-29
Let s(x) = -2*x**3 - 106*x**2 + 13*x + 318. Calculate s(-53).
-371
Let p(n) = 113*n + 402. Determine p(-8).
-502
Let z(u) = -21*u**2 - 146*u - 420. Calculate z(-6).
-300
Let t(s) = -s**3 + 17*s**2 + 589*s - 501. Calculate t(34).
-127
Let j(y) = 3979*y - 540896. Determine j(136).
248
Let m(v) = -3*v**3 + 453*v**2 - 17141*v + 3079. Determine m(75).
4
Let z(v) = v**3 - 41*v**2 + 184*v + 111. Give z(12).
-1857
Let w(k) = 135*k - 29370. Calculate w(198).
-2640
Let w(x) = -8*x**2 - 92*x + 6479. Give w(-35).
-101
Let k(n) = -4185*n + 1946015. What is k(465)?
-10
Let u(c) = -10495*c - 52544. Calculate u(-5).
-69
Let q(p) = -264*p**3 + 57*p**2 - 62*p. Calculate q(1).
-269
Let r(k) = -7*k**2 + 246*k - 30. Give r(0).
-30
Let x(g) = -185*g**2 + 676*g + 246. Calculate x(5).
-999
Let u(p) = -p**3 - 90*p**2 - 781*p - 4201. What is u(-81)?
11
Let v(y) = -1474*y**2 + 13*y + 14. Determine v(-1).
-1473
Let t(c) = -7*c**3 - 276*c**2 + 446*c - 242. Determine t(-41).
-37
Let p(t) = -219*t**2 + 100*t - 196. What is p(2)?
-872
Let q(x) = 2*x**3 - 55*x**2 + 189*x - 2405. Calculate q(26).
481
Let n(x) = -x**3 - 36*x**2 + 49*x + 3411. Give n(-34).
-567
Let c(b) = -5*b**3 - 2582*b**2 - 1053*b - 10800. Calculate c(-516).
36
Let c(v) = 2*v**3 + 623*v**2 + 2021*v + 338179. What is c(-310)?
-31
Let r(w) = -14*w**3 - 29*w**2 - 86*w + 34. Give r(-3).
409
Let x(r) = -r**2 + 28732*r - 2663422. Determine x(93).
5
Let y(g) = g**2 + 73*g - 1367. Give y(21).
607
Let i(t) = -7876*t - 55168. Give i(-7).
-36
Let f(b) = 3*b**3 - 17*b**2 - 2417*b + 28921. What is f(12)?
2653
Let a(w) = -2*w**2 - 1184*w - 151871. What is a(-404)?
33
Let z(w) = 422*w**2 + 1112*w - 2301. Calculate z(-4).
3
Let v(j) = -3*j**3 + 268*j**2 - 323*j - 2651. Calculate v(88).
-99
Let a(b) = 4*b**2 + 1196*b + 17103. What is a(-15)?
63
Let c(a) = -86889*a - 347536. Determine c(-4).
20
Let g(m) = -m**3 - 101*m**2 + 289*m + 8537. Determine g(-103).
-12
Let w(q) = -6*q**2 + 41*q - 96. What is w(3)?
-27
Let z(r) = 4*r**2 - 3202*r - 368184. Calculate z(-102).
36
Let g(l) = -2*l**3 + 5*l**2 - 204*l - 608. What is g(0)?
-608
Let w(j) = -23*j - 88. Determine w(-42).
878
Let n(q) = -19*q**3 - 1012*q**2 - 263*q - 27. Calculate n(-53).
-133
Let o(g) = -g**2 + 366*g - 1797. Calculate o(5).
8
Let a(d) = d**2 + 44*d + 430. What is a(-37)?
171
Let w(x) = -4597*x + 59974. Determine w(13).
213
Let n(p) = -3*p**3 + 39*p**2 - 26*p + 358. Determine n(13).
20
Let r(g) = 251*g**2 + 1216*g - 2438. What is r(2)?
998
Let d(j) = j**3 - 5*j**2 - 53*j + 5. Determine d(-6).
-73
Let d(k) = -k**3 + 119*k**2 - 2365*k + 1389. What is d(94)?
-21
Let u(b) = 3*b**3 + 44*b**2 - 134*b - 2584. Determine u(-13).
3
Let g(q) = 858*q + 24097. Calculate g(-28).
73
Let q(x) = 16416*x - 820795. What is q(50)?
5
Let l(v) = v**2 - 1051*v + 264801. Calculate l(632).
-7
Let y(a) = -756*a - 31724. What is y(-42)?
28
Let v(i) = -i**3 - 13*i**2 - 4*i + 83. What is v(-10)?
-177
Let n(v) = v**3 - 10*v**2 + 707*v - 6990. What is n(10)?
80
Let v(j) = -j**3 - 27*j**2 + 1220*j + 32154. Give v(-26).
-242
Let w(h) = -4*h**2 + 18551*h + 185888. What is w(-10)?
-22
Let p(b) = 23*b**2 + 10977*b + 54309. Determine p(-5).
-1
Let r(w) = 6*w**2 + 1396*w + 19194. Determine r(-218).
10
Let i(b) = -62*b**2 - 7632*b - 766. Determine i(-123).
-28
Let k(i) = 93*i**2 + 2186*i - 2185. Calculate k(1).
94
Let o(k) = 390*k**2 + 2376*k + 30. Calculate o(-6).
-186
Let o(c) = -357172*c + 2857381. What is o(8)?
5
Let h(j) = -j**2 + 4966*j - 270078. Determine h(55).
27
Let p(m) = -2*m**2 - 2616*m - 54364. What is p(-21)?
-310
Let r(l) = 1307*l - 40788. Determine r(31).
-271
Let y(c) = -20*c**3 - 8*c**2 + 232*c + 501. Calculate y(-2).
165
Let o(k) = -k**2 - 1574*k + 311816. Calculate o(178).
-40
Let o(u) = u**2 - 61*u + 1930. Give o(24).
1042
Let c(f) = -f**3 + 52*f**2 - 133*f + 65. Calculate c(2).
-1
Let j(b) = 14*b**3 + 97*b**2 - 445*b - 115. Calculate j(-10).
35
Let u(t) = 300826*t + 3910743. What is u(-13)?
5
Let j(x) = 4116*x - 82096. What is j(20)?
224
Let l(c) = -1344*c - 6767. Calculate l(-5).
-47
Let j(i) = 4*i**2 - 12943*i + 90619. What is j(7)?
214
Let q(u) = -u**3 - 285*u**2 - 75*u - 21434. What is q(-285)?
-59
Let a(j) = -j**3 + 1134*j**2 + 70443*j - 66813. What is a(1193)?
-5
Let w(a) = 140124*a - 48623032. Determine w(347).
-4
Let w(h) = h**3 + 92*h**2 - 82*h + 1048. Determine w(-93).
25
Let y(k) = -17*k**2 - 5337*k + 137884. Determine y(24).
4
Let v(n) = -36*n**2 + 117*n + 323. What is v(-3)?
-352
Let l(u) = u**2 - 3100*u + 82964. Give l(27).
-7
Let c(f) = 7410*f - 51885. What is c(7)?
-15
Let r(h) = 941907*h + 2825722. Determine r(-3).
1
Let v(x) = x**3 + 83*x**2 - 2*x - 736. Give v(-83).
-570
Let c(u) = -573*u - 1168. Give c(-3).
551
Let h(c) = 400858*c - 2405100. Determine h(6).
48
Let a(d) = -2*d**3 - 75*d**2 - 707*d - 18630. What is a(-35)?
-10
Let k(w) = -4*w**3 + 42*w**2 + 54*w - 1021. Calculate k(11).
-669
Let x(r) = -r**2 + 193*r + 37826. Calculate x(313).
266
Let u(k) = 2673*k + 8151. Determine u(-3).
132
Let f(s) = -5670*s - 32827. What is f(-6)?
1193
Let a(v) = -v**3 + 16*v**2 + 307*v - 3702. Calculate a(10).
-32
Let r(p) = -p**3 + 253*p**2 - 545*p + 10788. What is r(251)?
-5
Let w(j) = j**3 - 63*j**2 + 3034*j - 246677. Give w(70).
3
Let c(f) = -227*f - 6635. Calculate c(-38).
1991
Let t(q) = 44*q**2 + 900*q - 1377. What is t(-22)?
119
Let n(w) = -3*w**3 - 40*w**2 - 33*w - 2. Give n(-12).
-182
Let c(a) = -20*a**2 - 993*a + 333. Determine c(-50).
-17
Let c(r) = -r**2 + 73*r - 105. Give c(-20).
-1965
Let f(d) = -4*d**3 + 16*d**2 + 250*d + 7. Determine f(-6).
-53
Let u(w) = w**2 + 52*w - 163. Give u(3).
2
Let q(o) = 2508*o - 17101. Give q(7).
455
Let o(d) = 3*d**3 + 18*d**2 - 622*d - 27. Calculate o(-17).
1010
Let f(g) = 77343*g + 13. Calculate f(0).
13
Let o(k) = -k**3 - 7527*k**2 + 15026*k + 64. What is o(2)?
0
Let c(x) = 162*x**2 - 8214*x - 2496. What is c(51)?
-48
Let c(t) = -3*t**2 + 106*t - 452. Determine c(27).
223
Let g(h) = -2*h**3 - 3*h**2 + 1518*h + 933. Calculate g(-28).
-19
Let k(h) = -h**3 - 19*h**2 - 68*h - 1579. Determine k(-20).
181
Let f(w) = -7*w**2 + 528*w - 50. Determine f(76).
-354
Let r(q) = -40294*q - 2216266. Determine r(-55).
-96
Let j(n) = n**3 + 25*n**2 + 127*n + 139. What is j(-4)?
-33
Let n(q) = 1442*q + 260989. Calculate n(-181).
-13
Let w(b) = b**3 + 434*b**2 - 11966*b + 67. Give w(26).
-89
Let i(v) = -2*v**2 - 50376*v - 201468. What is i(-4)?
4
Let l(i) = i**3 + 62*i**2 - 45*i - 6484. Calculate l(-61).
-18
Let p(w) = -14*w**2 + 249*w + 268. What is p(13)?
1139
Let f(z) = 3768874*z + 26382110. Give f(-7).
-8
Let d(v) = -108*v**2 + 62532*v + 9. What is d(579)?
9
Let s(z) = -2420*z - 55514. What is s(-23)?
146
Let g(a) = 1045*a + 2200. What is g(-1)?
1155
Let q(u) = u**3 + 40*u**2 + 404*u + 294. Calculate q(-23).
-5
Let u(w) = 28280*w - 876690. What is u(31)?
-10
Let g(v) = -232*v - 5189. Give g(-21).
-317
Let q(g) = 2927*g + 111242. Calculate q(-38).
16
Let f(o) = 6*o**3 + 539*o**2 + 105*o + 17532. Calculate f(-90).
-18
Let p(r) = -13*r**3 - 5*r**2 + 51*r + 94. Determine p(-2).
76
Let y(z) = -21*z**2 - 1095*z - 169. Calculate y(-52).
-13
Let v(c) = -c**3 - 4*c**2 - 7*c + 16. Give v(-3).
28
Let i(u) = -1552*u - 5533. Calculate i(-5).
2227
Let u(w) = -155*w - 7711. Calculate u(-48).
-271
Let a(u) = -40*u + 8978. Determine a(224).
18
Let i(g) = 28*g**2 - 2376*g - 203. Calculate i(85).
137
Let s(u) = -13361*u - 66913. Determine s(-5).
-108
Let k(s) = 17*s**2 + 336*s - 1654. Give k(5).
451
Let p(a) = -773*a + 5686. Give p(7).
275
Let l(x) = 20*x**2 - 4610*x + 2448. What is l(230)?
148
Let v(n) = 2263*n + 233098. Determine v(-103).
9
Let y(f) = 4966*f - 1440177. What is y(290)?
-37
Let g(l) = 44535*l + 38032894. Give g(-854).
4
Let o(w) = -w**2 - 7489*w + 105061. Calculate o(14).
19
Let a(p) = 1720*p - 62600. Determine a(37).
1040
Let s(k) = k**2 + 65*k - 54. Calculate s(-27).
-1080
Let l(n) = n**2 - 35*n - 3483. Give l(-40).
-483
Let n(a) = -a**3 - 65*a**2 + 810*a